be n(4). Suppose a*c = c + 10. What is the units digit of c?
0
Let f(d) = d + 15. Let y(i) = -i - 15. Let o(l) = -3*f(l) - 4*y(l). What is the tens digit of o(0)?
1
Suppose 3*g = 4*d + 949 - 340, -5*d + 582 = 3*g. What is the hundreds digit of g?
1
Suppose 0 = 21*h - 483 - 630. What is the tens digit of h?
5
Let u(i) = -6*i**3 - i**2 - i - 1. Let l be u(-1). Suppose 4*o = -l + 141. What is the tens digit of o?
3
Suppose -5*w = -0*w - 20. What is the units digit of w?
4
Let m = 1 - 1. Let c be (0/(-1 - m))/(-2). Suppose c + 3 = j, s = -2*j + 11. What is the units digit of s?
5
Let s be ((-8)/(-12))/((-4)/6). What is the units digit of 3*s*13/(-3)?
3
Suppose 2*q + 2*q - 20 = -5*j, 0 = -5*j + 2*q - 10. Suppose 0 = -5*f - 3*i + 37, f = 2*f + i - 9. Suppose -f*z = -j*z - 35. What is the units digit of z?
7
Suppose 0 = -4*d - k - 4*k + 517, 0 = -3*d - 3*k + 384. What is the units digit of d?
3
Let f = -33 + 75. What is the units digit of f?
2
What is the tens digit of (-2 - -1) + 1 + 36?
3
What is the units digit of 1/((-2)/20)*-4?
0
Suppose h - 4 = 0, f + 3*h = 7 + 2. Let a(k) = k**3 + 4*k**2 - 2*k - 3. What is the units digit of a(f)?
2
Suppose b - 3 = -0*q + 4*q, -2*b - q + 6 = 0. What is the units digit of -3 + 1 - (-18)/b?
4
Suppose 4*a - 20 = -a. Suppose 10 = -2*z + 7*z + n, a*z - 3*n = 8. What is the units digit of z?
2
Let s(a) = -30*a**3 + a**2 - 1. What is the tens digit of s(-1)?
3
Suppose 2*f - 8 = 2*v - v, -37 = 2*v + 3*f. Let x = v + 27. What is the units digit of x?
3
Suppose 36 = 5*z - 19. What is the units digit of z?
1
Suppose -11 = 3*z + 10. Let g = 5 + z. What is the units digit of (-160)/(-28) - g/7?
6
Let c be 1/((-1)/((-4)/2)). What is the units digit of (9/c)/(6/8)?
6
Let a = 24 + -8. What is the units digit of a?
6
Suppose -117 = 2*d + 3*u - 424, 4*d + u = 609. What is the units digit of d?
2
Suppose 4*l + 3*q = 279 - 77, -2*l + 104 = 3*q. Suppose -3*y + l = -68. Let m = y + -28. What is the units digit of m?
1
Let u(k) = -k + 3. Suppose -2*p = 4*v + 10, 17 + 8 = -2*v + 3*p. Let q be u(v). Let l = q + -5. What is the units digit of l?
3
What is the tens digit of 1*178*(-3)/6*-1?
8
Suppose -3*m + 36 + 12 = 0. Suppose 0 = 2*p - m - 0. Suppose 0 = 2*q + p - 22. What is the units digit of q?
7
Let v be 16*2 - (-6)/6. Suppose 2*a - v = 25. What is the tens digit of a?
2
Let z(o) = o**2 + o - 27. Let k be z(0). Let c be 92*(6/(-4) - -1). Let m = k - c. What is the tens digit of m?
1
Let a(t) = 13*t**3 - 2*t**2 + 8*t**3 - 4*t**3 + t**2 - 1 - t. Let w(g) = -g**3 + g**2 + 1. Let m(h) = a(h) + w(h). What is the units digit of m(1)?
5
Let u be (-4)/(-10) - 148/(-5). Let d = -19 + u. What is the units digit of d?
1
Suppose 8*m - 186 = 2*m. What is the tens digit of m?
3
Let o(k) = 5*k**2 - 4*k + 7 + 10*k - 3*k**3 + 2*k**3. What is the units digit of o(6)?
7
Suppose 0 = 5*f - 3*b - 71, -f + 5*f - b = 54. Suppose 0 = -2*v + f + 9. What is the tens digit of v?
1
Suppose 0 = -2*l + 3*t, t - 8 = -3*l + 14. Let s = -4 + l. Suppose 2*q - s = -3*m - 0*q, 4*m - 6 = -q. What is the units digit of m?
2
Let d(u) = u**2 - 8. What is the units digit of d(-4)?
8
What is the units digit of (-111)/6*-1*2?
7
Let d = 6 - 8. Let b be ((-8)/d - 1) + -1. Suppose -b*s + 25 = -0*s + h, 2*s - h - 31 = 0. What is the units digit of s?
4
Let l(o) = o**2 - 3*o + 2. Let x be l(3). Suppose -12 = -4*d + x*d. Suppose 0 = -g + 1 + d. What is the units digit of g?
7
Let r(s) = -s**2 + 3*s + 2. Let l be r(3). Suppose -l*k + 15 = -31. Suppose 3*t + g = k, 3*g + 0*g - 15 = 0. What is the units digit of t?
6
What is the units digit of (0 + -2)*(-100)/8?
5
Let i = -4 + -40. Let s = i - -92. What is the tens digit of s?
4
Let v(w) be the first derivative of 3*w**2 + 3*w - 3. What is the units digit of v(5)?
3
Suppose -20*c + 2745 = -2835. What is the tens digit of c?
7
Let z = 4 - 2. Let d be (z + -5)/(1/6). What is the units digit of 6/(-27) - 130/d?
7
What is the tens digit of (9/18)/(2/44)?
1
Let n be (-4)/(4/(-41)) + -1. Suppose n = 4*h - 0*h. Let z = h + -5. What is the units digit of z?
5
Let m = -15 - -33. What is the units digit of m?
8
Let h = -125 - 382. Let f be (-3)/12 + h/(-12). Suppose f = -2*v + 5*v. What is the tens digit of v?
1
Let p(d) = d**3 - 10*d**2 - 11*d + 8. Let x be p(11). Suppose -g + x = 4. What is the units digit of g?
4
Let u = 27 - 9. Suppose 0 = -d - 2*d + u. What is the units digit of d?
6
Let d(i) = -i**3 + 7*i**2 - 3*i + 3. What is the units digit of d(5)?
8
Suppose 4*d = b + 15, 2*d - b = 13 - 4. Suppose 0 = d*m - 2*m - 16. What is the tens digit of m?
1
Let o = -5 - -8. Suppose -2*m - 4 = o*k, -3*m = -4*k + 2*k - 20. Suppose -32 = -3*h + 2*v, 5*h + v + m*v = 45. What is the units digit of h?
0
Suppose -5 = -r, 3*r - 24 = -4*u - r. Suppose 3*b - 3*i - 5 - 1 = 0, -4*i + 12 = 0. What is the units digit of b + (-2)/(0 + u)?
3
Suppose -3*g + 10 = -2*g. Suppose d = 2*d - 2*v - g, 3*d + 3*v + 15 = 0. Let r = d - -5. What is the units digit of r?
5
Suppose -5*j + 9*j - 4 = 0. What is the units digit of j?
1
Let c be (-5 + 2)/(-1) + -1. Suppose -c*n - 2 = -12. Suppose 21 = n*r - 19. What is the units digit of r?
8
Let t = 46 - 31. Let b be (36/t)/((-2)/(-10)). Suppose -b = -3*i - i. What is the units digit of i?
3
Let h = -1 - -35. Suppose 3*b - 23 = h. What is the units digit of b?
9
Let x be (12/18)/(2/12). What is the units digit of 1/x - (-249)/12?
1
Let d(y) = -y**2 + 6*y - 7. What is the units digit of d(4)?
1
Suppose -l = -4*g + 66, -g + 22 + 3 = 4*l. Let i = g - 12. What is the units digit of i?
5
Suppose 4*s = 3*j + 1209, s - j + 104 = 407. What is the tens digit of s?
0
Suppose -46 - 2 = -r. What is the units digit of r?
8
Let a be 1/5 + (-488)/(-10). Suppose 0 = 2*z - 17 - a. What is the units digit of z?
3
Let n(r) = 5*r**2 - 25*r + 1. Let p(s) = -s**2 + 5*s. Let q(k) = -2*n(k) - 11*p(k). Let g be q(5). What is the units digit of (1*g)/((-2)/5)?
5
Suppose -4*r + 6 = -2*r. Let x(o) = -o - r*o**2 + 0*o**2 + 4*o**2. What is the units digit of x(2)?
2
Let l be (15/9)/((-2)/(-6)). Suppose -2*y = -l*y + 33. What is the tens digit of y?
1
Let u be 3/(-12) + 85/4. Let g = -29 + u. What is the units digit of (-1 + 3)/(g/(-28))?
7
Let n = 14 + -7. Let g = 55 - n. What is the units digit of g?
8
Let d(t) = 2*t - 9. Let z be d(6). Let q(l) = l**2 - 3*l - 1. Let o be q(z). Let i = o - -2. What is the units digit of i?
1
Let w = -64 + 41. Let x = -5 - w. What is the units digit of x?
8
What is the tens digit of 92 + (-6)/(-3)*-2?
8
What is the units digit of (3 - 51)/(((-24)/(-20))/(-6))?
0
Suppose -2*i = -0*i + 4*b + 8, 0 = 5*i - 3*b - 19. What is the units digit of ((-3)/i)/(21/(-14))?
1
Suppose 5*k - 1 = 14. Suppose -k*f - 54 = -204. What is the tens digit of f?
5
Suppose 13 = 2*x - 15. What is the units digit of x?
4
Let h = -6 + 35. What is the units digit of h?
9
Suppose -315 + 7 = -2*q. What is the units digit of q?
4
Let o be 2 + 3/(-3 - -6). Suppose 0 = -5*m + o*j - 2 - 7, 0 = m + 2*j - 6. Suppose m = -2*a - 2*a + 16. What is the units digit of a?
4
Let r be 1/(-2) - 75/(-6). Let x be 66/(-9) - (-4)/r. What is the units digit of (-2)/(x/2 + 3)?
4
Let h(q) = q**2 + 5*q - 3. Suppose 4*u - 15 = -u. What is the tens digit of h(u)?
2
Let x = -5 - -7. Let d be (-3 - (-6)/4)*x. Let h = 17 + d. What is the units digit of h?
4
Let a = 679 + -368. What is the hundreds digit of a?
3
Let b(s) = s**3 + 9*s**2 + 5*s - 5. What is the units digit of b(-6)?
3
Let o(i) be the third derivative of -i**5/60 + 11*i**4/24 + i**3/3 - 4*i**2. What is the units digit of o(11)?
2
Let i(o) = -2*o**2 - 3*o + 1. Let w be i(1). What is the units digit of 14/21*(-6)/w?
1
Let p(q) = -14*q + 17. What is the units digit of p(-4)?
3
Let y(f) = -45*f + 23. What is the units digit of y(-3)?
8
Let v = -35 + 66. What is the units digit of v?
1
Suppose 0 = 5*p - 4 - 151. Suppose j - 49 - p = -4*v, -5*v + 355 = 5*j. What is the tens digit of (2/4)/(2/j)?
1
Suppose -462*d - 879 = -465*d. What is the units digit of d?
3
Let m(q) = 2 - 14*q - 5 + 1 + 1. What is the units digit of m(-1)?
3
Let h = 76 + -49. What is the units digit of h?
7
Suppose 38 + 17 = 5*v. What is the tens digit of v?
1
Let h = -32 - -278. What is the tens digit of h?
4
Let d(w) = -w - 10. Let j(m) = m + 21. L